is -2514033 (base 6) in base 7?
-1066521
Convert 15510113 (base 7) to base 12.
60308b
Convert -3a25093 (base 13) to base 8.
-105523120
2010220001112 (base 3) to base 16
11630c
7466106 (base 8) to base 16
1e6c46
173383 (base 11) to base 15
5460a
Convert 10010011000000011 (base 2) to base 7.
432303
Convert 440135023 (base 6) to base 8.
35745727
Convert 123330123 (base 4) to base 11.
78aa4
What is -2860620 (base 9) in base 8?
-6004350
What is -150017 (base 14) in base 3?
-1101002021021
865aa0 (base 11) to base 8
5217445
Convert 400142 (base 9) to base 5.
30030230
Convert -424322020 (base 6) to base 5.
-3404210244
111010110111100 (base 2) to base 10
30140
Convert 1700952 (base 10) to base 8.
6372130
What is 20011101020 (base 3) in base 12?
5a236
-410232 (base 7) to base 5
-4213000
What is -53fa9 (base 16) in base 4?
-1103332221
What is 7477437 (base 8) in base 7?
22662614
What is -463e48 (base 16) in base 3?
-22122212202200
Convert -1146460 (base 7) to base 13.
-51802
What is -848971 (base 11) in base 13?
-387621
What is -5377721 (base 8) in base 7?
-15153224
4342011 (base 5) to base 11
51087
What is 112182 (base 9) in base 11?
46562
Convert 183425 (base 11) to base 15.
58b58
2475547 (base 8) to base 12
29165b
Convert -72072 (base 16) to base 4.
-1302001302
8827237 (base 9) to base 8
22056305
Convert 2434342 (base 5) to base 16.
b48e
Convert 1131252050 (base 6) to base 13.
2816346
What is 11000011001110011010111 (base 2) in base 4?
120121303113
Convert -54502250 (base 6) to base 5.
-404010333
261019 (base 10) to base 8
775633
Convert -90b2d (base 16) to base 12.
-246ba5
-9a6441 (base 11) to base 2
-110000111101100100000
Convert 22b914 (base 13) to base 4.
3021201011
11001000001011001111 (base 2) to base 3
1112122201101
What is 868647 (base 10) in base 14?
1887c3
What is -2b6a4a (base 15) in base 3?
-10221121011221
What is -1035031 (base 7) in base 16?
-1ee7d
5600510 (base 8) to base 11
93a7a7
What is 3130340 (base 6) in base 8?
450324
-3216757 (base 9) to base 4
-12210321013
What is 1122233143 (base 5) in base 11?
1485208
-2222120002 (base 3) to base 9
-88502
-63281 (base 9) to base 7
-232555
Convert -25356660 (base 7) to base 16.
-2318f7
Convert -1576379 (base 12) to base 13.
-ba75a2
Convert -49be13 (base 15) to base 14.
-67d990
Convert 2682074 (base 9) to base 10.
1471189
What is -135513 (base 9) in base 7?
-463245
34bb4 (base 12) to base 13
26323
Convert -135040 (base 12) to base 15.
-64b03
Convert 72442b (base 13) to base 8.
12126312
112103521 (base 6) to base 10
2061481
What is 31051 (base 11) in base 7?
246046
What is 459435 (base 15) in base 5?
1322300300
Convert 124461 (base 9) to base 4.
102123022
Convert 7c9c64 (base 14) to base 10.
4252896
1011100110110001011000 (base 2) to base 15
4016b2
-103441034 (base 5) to base 2
-1101110100000100100
What is 600432 (base 7) in base 13?
36ccc
15437 (base 14) to base 7
310300
Convert -12110313221 (base 4) to base 2.
-110010100110111101001
-20112002102 (base 3) to base 13
-46577
Convert -467c56 (base 13) to base 16.
-198b20
Convert -104c6 (base 15) to base 9.
-77836
What is -101200014 (base 5) in base 4?
-1210231131
Convert -14468 (base 14) to base 10.
-50268
-211210020212 (base 3) to base 9
-753225
What is -19bd9 (base 16) in base 5?
-11333213
What is -2413412 (base 6) in base 10?
-126512
What is -114b8b (base 15) in base 3?
-1112222012112
101011100001001100101 (base 2) to base 5
331113041
-236181 (base 10) to base 6
-5021233
Convert 10001001111110011 (base 2) to base 13.
26201
-372045 (base 13) to base 15
-1b08dc
1498520 (base 11) to base 2
1001110000101101011001
264567 (base 8) to base 10
92535
Convert 100727 (base 11) to base 3.
22020010022
Convert 239fe (base 16) to base 5.
14132133
582a4b (base 12) to base 15
1ce3d8
What is 76019 (base 12) in base 14?
40981
What is -22343310 (base 5) in base 2?
-110000110010010110
Convert 11645165 (base 7) to base 6.
34325025
Convert -52c74 (base 13) to base 12.
-724b6
-20202122111 (base 3) to base 14
-3674a
What is e4339 (base 15) in base 11?
454204
200061 (base 10) to base 12
97939
12333503 (base 7) to base 6
35542422
Convert 3842645 (base 9) to base 8.
7773540
26b8a (base 12) to base 14
15718
Convert -305311250 (base 6) to base 4.
-110031032232
Convert -1010110000101010010000 (base 2) to base 13.
-779bac
4b303 (base 15) to base 13
854bb
-22135634 (base 7) to base 13
-51a862
What is 3807773 (base 9) in base 13?
577404
What is 144600016 (base 7) in base 9?
20107411
What is 335445 (base 7) in base 16?
e8b0
Convert -27570 (base 16) to base 10.
-161136
What is 11410531 (base 7) in base 3?
1220100221201
110220011 (base 4) to base 5
10200420
What is -1101001000110001 (base 2) in base 5?
-3210214
Convert -111201130 (base 6) to base 7.
-23121063
What is -362802 (base 12) in base 9?
-1573882
100415 (base 7) to base 9
25305
Convert -56f329 (base 16) to base 12.
-1aa97a1
What is -5a266 (base 14) in base 12?
-a7396
What is 100032332133 (base 4) in base 15?
590dec
What is 65753 (base 14) in base 8?
737635
Convert -2024233140 (base 5) to base 6.
-224332441
-3551231 (base 8) to base 9
-1740472
What is 46b51 (base 12) in base 16?
172ed
What is 103ec (base 15) in base 3?
2121200020
-45153305 (base 6) to base 8
-5157751
What is 5345115 (base 6) in base 11?
16a598
-14102761 (base 10) to base 11
-7a62682
What is 117447 (base 12) in base 14?
74c3d
What is -203515530 (base 6) in base 11?
-1aa9167
Convert 544a1e (base 16) to base 3.
101101122111112
What is -2145501 (base 6) in base 14?
-2b28d
-751 (base 14) to base 5
-21233
Convert -265303 (base 8) to base 11.
-63855
Convert 243b2 (base 15) to base 7.
661001
Convert 3378aa (base 11) to base 16.
83389
Convert -111110001001111 (base 2) to base 8.
-76117
Convert -2319270 (base 12) to base 9.
-13635253
-1011020111012 (base 3) to base 9
-1136435
Convert -b553db (base 15) to base 4.
-200321132012
Convert 36411605 (base 7) to base 12.
1106b22
What is 101122002002110 (base 3) in base 5?
2421304140
What is -74434 (base 16) in base 3?
-220012020111
Convert 26fe18 (base 16) to base 11.
1495a16
-6bb84 (base 13) to base 12
-96364
What is -1a8473 (base 14) in base 15?
-139e31
Convert -442661 (base 8) to base 3.
-21120021022
Convert -1303166 (base 10) to base 12.
-52a192
What is 403344012 (base 5) in base 13?
44a227
What is 12533540 (base 6) in base 16?
65c64
-6c565 (base 13) to base 9
-332451
-21084 (base 15) to base 6
-2124541
Convert -376926 (base 11) to base 7.
-5024642
213143410 (base 5) to base 13
25c372
Convert 3c303 (base 16) to base 6.
5141203
What is -22022012220 (base 3) in base 15?
-33670
Convert -4384c (base 13) to base 12.
-5a8b7
Convert b56160 (base 13) to base 5.
2041143312
Convert -3212330 (base 5) to base 12.
-27376
34023244 (base 5) to base 6
10222142
Convert 1400351 (base 6) to base 10.
77899
What is 5043165 (base 8) in base 3?
2111111201020
132040043 (base 5) to base 8
2406525
What is 25431300 (base 6) in base 4?
3022100310
18aa (base 12) to base 7
11530
Convert 3305335 (base 7) to base 16.
62f08
What is -27180 (base 11) in base 14?
-10200
Convert -21221144 (base 5) to base 10.
-179549
What is 143425 (base 10) in base 9?
237661
Convert -110013531 (base 6) to base 7.
-22450141
-312271 (base 9) to base 8
-552060
What is -102221021221021 (base 3) in base 11?
-3643140
Convert -10320131141 (base 5) to base 7.
-163224241
What is 2541232 (base 7) in base 11?
205536
What is -177a60 (base 14) in base 8?
-3121124
-1bb61e (base 16) to base 2
-110111011011000011110
Convert 111244431 (base 6) to base 10.
2027971
What is 14e73 (base 16) in base 6?
1500215
What is -331001 (base 7) in base 16?
-e270
What is -348263 (base 10) in base 14?
-90cbd
Convert 1101111101000111 (base 2) to base 4.
31331013
Convert -341201431 (base 5) to base 3.
-2211112111222
Convert -1010001010000000001011 (base 2) to base 10.
-2662411
What is -2223303133 (base 4) in base 14?
-144651
Convert 11407a (base 12) to base 3.
112001101111
Convert -27c798 (base 13) to base 15.
-1426e0
15413 (base 10) to base 7
62636
What is -1024433221 (base 5) in base 9?
-4102511
What is -2054 (base 14) in base 11?
-41a7
Convert 6665786 (base 9) to base 10.
3586596
What is -1011110100001002 (base 3) in base 8?
-77613221
What is -521735 (base 11) in base 10?
-836753
Convert 2101000221210